1. Let m be l(0). Let d = f + m. What are the prime factors of d?
2
Suppose 20*r + 344 = 2504. List the prime factors of r.
2, 3
Let a = 13 - 9. Suppose 0 = -t - t + a. Suppose -m = -0*f + f - 10, 3*m - t = 4*f. What are the prime factors of m?
2, 3
Let o(s) = -s**3 - 23*s**2 - 15*s + 11. What are the prime factors of o(-23)?
2, 89
Let s(y) = 69*y**2 - y + 2. Suppose 2*w = -4*x + 22, 3*x + x - 19 = w. What are the prime factors of s(w)?
2, 5, 7
Let z be ((-2)/4)/(1/(-6)). Suppose -z*h - 348 = -5*f - 5*h, 2*f - 2*h - 128 = 0. What are the prime factors of f?
2, 17
Let m = 746 - -367. What are the prime factors of m?
3, 7, 53
Let a(g) = g**2 - 8*g + 14. Let z be (12 - 3)*(4 + -3). List the prime factors of a(z).
23
Suppose 5*k - 84 = 2*i, -4*i = -5*k - i + 81. Let h = 57 - k. List the prime factors of h.
3, 13
Suppose 13*r - 1100 = 1591. What are the prime factors of r?
3, 23
Let w = -36 - -548. What are the prime factors of w?
2
Suppose -2*z - 143 = -m, -1 = -3*z + 2. Let w = m - 83. List the prime factors of w.
2, 31
Suppose 206*x + 6400 = 210*x. List the prime factors of x.
2, 5
Suppose 0*b + 14381 = 4*t + 3*b, 2*t = 4*b + 7196. What are the prime factors of t?
2, 29, 31
Let w be (1 - 1) + -7 + 11. Suppose -w*q + 0*y + y + 349 = 0, -5*q + y = -436. Suppose -q = -2*z - z. What are the prime factors of z?
29
Let y(l) = -8*l + 22. Let p = 14 - 23. Let m be y(p). Suppose -235 = -4*w - w - 2*g, 0 = 2*w - 2*g - m. List the prime factors of w.
47
Let g = 0 - 3. What are the prime factors of ((-159)/(-6))/(5/(-2) - g)?
53
Let p(c) = c**3 - 2*c**2 - 3*c + 4. Let w = 5 + -1. What are the prime factors of p(w)?
2, 3
Suppose 29 = 2*v - 37. Let c = 99 - v. What are the prime factors of c?
2, 3, 11
Let i(h) = -h - 7. Let a be i(-13). Let x = 19 - a. What are the prime factors of x?
13
Let x = -84 - -229. Let h be 34/6 - 6/9. Suppose -118 = -h*y - 4*l, -5*y + 6*l - l + x = 0. What are the prime factors of y?
2, 13
Let g = -22 - -31. Let o = g + 21. Let x = 46 - o. What are the prime factors of x?
2
Suppose 0*f - 4*f = -4*v + 4, -5*f = -3*v - 5. Suppose -4*k + 4*l + 24 = 0, 0 = k - f*l - 9 - 3. List the prime factors of k.
2
What are the prime factors of 566350/1081 - (-2)/23?
2, 131
Suppose -6*r + 19 - 1 = 0. Suppose -5*y + 147 = r*u, 2*y + 5*u + 35 = 3*y. What are the prime factors of y?
2, 3, 5
Let k(y) = -2*y. Let s be k(-1). Let x be (2/5)/(6/60). Suppose -x*b + 60 = -s*b. List the prime factors of b.
2, 3, 5
Let p be (-1600)/(-120) + (-2)/6. Suppose 0 = 2*z + 10, -64 = -14*q + p*q - 3*z. List the prime factors of q.
79
Let h = -2106 - -4628. What are the prime factors of h?
2, 13, 97
Suppose 2*m = 2*b + 38, b + 3*m + 0*m + 23 = 0. Let v = -11 - b. List the prime factors of 304/72 - 2/v.
2
Suppose 3*z - l - 244 = 463, -214 = -z - 4*l. Let o = -127 + z. List the prime factors of o.
107
Suppose 0*a - 10 = 5*a. Suppose -2*x - 53 = -5. List the prime factors of (-3)/(-6)*a - x.
23
Suppose -6 = -3*d - 3. List the prime factors of d*(408/15 - -2)*10.
2, 73
Let y = -420 - -719. List the prime factors of y.
13, 23
Let n(f) be the second derivative of f**5/20 - f**4/4 - f**3/6 + 3*f**2/2 + 11*f. Let h be n(-3). What are the prime factors of (-1)/(-6) - 3256/h?
2, 17
Let a be 3212/14 - (-24)/(-56). Suppose 6*j - 5 - a = 0. What are the prime factors of j?
3, 13
Let i(t) = -t**3 + 8*t**2 - 8*t + 5. Let u be i(7). Let y be u/3 - 128/(-12). What are the prime factors of 334/y - (-3)/5?
2, 17
Suppose -17*i + 14*i + 1377 = 0. List the prime factors of i.
3, 17
Suppose 0 = 11*j + 982 - 3325. List the prime factors of j.
3, 71
Suppose -2*o + 125 = 3*h, 4*o + 3*h - 290 = 5*h. What are the prime factors of o?
2, 5, 7
Let h(y) = -2*y**3 + 38*y**2 - 7*y + 110. What are the prime factors of h(18)?
2, 79
Suppose 17*g + 5305 = 22*g. What are the prime factors of g?
1061
Let h(q) = 6*q - 1. Let y be h(1). Suppose -5*z + 11 = y*t - 3*t, 0 = -4*t - z + 13. Suppose -86 = -t*f + 55. List the prime factors of f.
47
Let i = 15 + 45. List the prime factors of i.
2, 3, 5
List the prime factors of (-5)/(-15) - (209244/(-18))/7.
11, 151
Suppose 31 = f + 4*u, 0 = -2*f + 3*u - 6*u + 42. Let c be (20/8)/(f/12). Suppose -3 - c = -n. What are the prime factors of n?
5
Suppose 0 = 2*f - 7*f. Suppose 4*r - 3*p = 17, f = r - p - 0 - 5. Let s(j) = 4*j**3 + j**2 - j + 3. What are the prime factors of s(r)?
37
Suppose -5*z - 30 + 5 = 0. Let y(h) = -2*h - 7. Let s be y(z). Suppose 2*j = -3*c + 47, -s*j + 0*j + 5*c + 61 = 0. List the prime factors of j.
2, 11
Suppose -2*p = -5*b - 2564, -10*p - 1268 = -11*p - b. What are the prime factors of p?
2, 3, 53
Suppose 0*h = 4*y - 2*h - 5106, 0 = 5*y - 2*h - 6381. What are the prime factors of y?
3, 5, 17
Suppose 6342 = 10*g - 42828. List the prime factors of g.
3, 11, 149
Suppose i = -4*i. Suppose i*b = -3*b + 21. Suppose 0 = 2*u - b*u + 250. What are the prime factors of u?
2, 5
Suppose -6 = 2*c - 5*c. Let p = 2 - c. What are the prime factors of (69 - (3 - p))/2?
3, 11
Let j(k) = -24*k - 2. Let p = -9 - -7. List the prime factors of j(p).
2, 23
Let m be (4 + 4)*15/(-6). Let k be (m/3)/((-6)/27). Let l = -16 + k. What are the prime factors of l?
2, 7
Let d = -37 - -36. List the prime factors of (-5 - -2 - -2)/(d/21).
3, 7
Suppose 2 = -d + 4. Suppose 0 = g - 53 + 39. Let o = g + d. What are the prime factors of o?
2
Suppose -3*c + 9 = -0*c. Suppose -c*g + 141 = -0*g - 3*p, -p - 145 = -3*g. List the prime factors of g.
7
Suppose 4*o + 22 = 106. Suppose -8*l + o = -7*l. What are the prime factors of l?
3, 7
Suppose -3*l - 10 = -5*t - 0, -l - 20 = -5*t. Suppose -n + l*m + 72 = 0, -n + 28 = -2*m - 32. List the prime factors of n.
2, 13
Suppose -13 = 8*o - 109. Suppose o*k = 46 + 74. List the prime factors of k.
2, 5
Let o(b) = -2*b**2 + 5*b + 3. Let w be o(-2). Let t = 20 + w. What are the prime factors of t?
5
Suppose -3 = m - 6. Suppose 3*s + 3 = 4*i, m*i = -s - i - 1. Let f(c) = 2*c**2 + c + 1. What are the prime factors of f(s)?
2
Suppose -3*n - 27 = -2*c, 4*n + 40 = 3*c - 0*n. Suppose -3*m + c = -0*m. Suppose -m*u = u - 220. What are the prime factors of u?
2, 11
Let b(l) = l - 1. Let q be b(-3). Let f be q/6 - 70/(-6). What are the prime factors of (6 - f)*(-22)/5?
2, 11
Let j(y) = -6*y + 7. Let c be j(-9). Let i = c + -16. Suppose 3*o + 2*x - i = 47, -2*o - x = -60. What are the prime factors of o?
2, 7
Suppose 16*a - 4770 = -2*a. Let y = a - 154. List the prime factors of y.
3, 37
Suppose -4*f - f = -80. Suppose 5*l - 9 = f. Suppose l*k + 10 = 0, -k + 2*k = -2*b + 22. List the prime factors of b.
2, 3
Let l = -17 + 8. List the prime factors of 126/(-35)*60/l.
2, 3
Let o be (-8)/10*15/(-6). What are the prime factors of (-121)/(-11) - (o - -1)?
2
List the prime factors of (-8)/(-10)*(-9)/(72/(-140)).
2, 7
Let j(r) = r + 8. Let m be j(10). Suppose 0 = -m*h + 13*h + 95. List the prime factors of h.
19
List the prime factors of 2/((-12)/18) - -346.
7
Let y(q) = q + 1. Let v(w) = -5*w - 5. Let m(s) = -4*v(s) - 22*y(s). Let b be m(-5). Let z = b + 26. List the prime factors of z.
2, 17
Let m(t) = 28*t**2 - 120*t - 793. List the prime factors of m(-7).
3, 11, 43
Let r be -1 + (-9)/(-3) + 3. Suppose 2*a - 14 + 91 = r*s, -3*s = a - 44. What are the prime factors of s?
3, 5
Let a(l) be the first derivative of 3*l**2 + 7*l - 1 + 1/3*l**3. What are the prime factors of a(-5)?
2
Suppose 70*o = 68*o. Suppose -5*z = 2*v - 187, -5*v + 3*z + 2*z + 520 = o. List the prime factors of v.
101
Let k(m) = 345*m - 369. List the prime factors of k(8).
3, 797
Suppose 2*k = 32*k - 66990. What are the prime factors of k?
7, 11, 29
Let u = 32 + -30. List the prime factors of -6 + u + (-357)/(-7).
47
Let j = -5969 - -8665. What are the prime factors of j?
2, 337
Let o(r) be the second derivative of r**5/20 - r**4/6 + r**3/6 - 11*r**2/2 - 2*r. What are the prime factors of o(6)?
139
Let q be ((4 - 3) + 1)*31. Let k = q + -27. List the prime factors of k.
5, 7
Let b be (-8662)/(-8) - 4/(-16). Let z be 2/11 + b/33. Suppose -2*l + 4*l = 2*p + 18, p = 3*l - z. List the prime factors of l.
2, 3
Let l(t) = t**3 + t**2 - t + 70. Let o be l(0). Let n = 108 - o. What are the prime factors of n?
2, 19
Let y = -38 + 22. Let x = y + 47. What are the prime factors of x?
31
Let u = -54 + 82. 